{"id":180,"date":"2018-11-27T06:10:32","date_gmt":"2018-11-27T06:10:32","guid":{"rendered":"http:\/\/eisenberger-hausmannskost.de\/?page_id=180"},"modified":"2018-12-09T12:10:06","modified_gmt":"2018-12-09T12:10:06","slug":"bilder-unserer-menues-salate-und-desserts","status":"publish","type":"page","link":"https:\/\/eisenberger-hausmannskost.de\/?page_id=180","title":{"rendered":"Bilder unserer Men\u00fcs, Salate und Desserts"},"content":{"rendered":"\n<p><\/p>\n\n\n<style type=\"text\/css\">\r\n\t#foogallery-gallery-88 .fg-image {\r\n        width: 150px;\r\n    }\r\n<\/style>\r\n\t\t\t\t<div class=\"foogallery foogallery-container foogallery-default foogallery-lightbox-foobox fg-gutter-10 fg-center fg-default fg-light fg-border-thick fg-round-medium fg-shadow-outline fg-loading-default fg-loaded-fade-in fg-hover-scale fg-caption-hover fg-hover-fade fg-hover-eye fg-ready\" id=\"foogallery-gallery-88\" data-foogallery=\"{&quot;item&quot;:{&quot;showCaptionTitle&quot;:true,&quot;showCaptionDescription&quot;:true},&quot;lazy&quot;:true}\" >\r\n\t<div class=\"fg-item fg-type-image fg-idle\"><figure class=\"fg-item-inner\"><a href=\"https:\/\/eisenberger-hausmannskost.de\/wp-content\/uploads\/2018\/11\/20181114_110456.jpg\" data-caption-title=\"Th\u00fcringer Sauerbraten an Rotkohl mit Kl\u00f6\u00dfen\" data-attachment-id=\"103\" data-type=\"image\" class=\"fg-thumb\"><span class=\"fg-image-wrap\"><img decoding=\"async\" title=\"Th\u00fcringer Sauerbraten an Rotkohl mit Kl\u00f6\u00dfen\" width=\"150\" height=\"150\" class=\"skip-lazy fg-image\" data-src-fg=\"https:\/\/eisenberger-hausmannskost.de\/wp-content\/uploads\/cache\/2018\/11\/20181114_110456\/3626429397.jpg\" src=\"data:image\/svg+xml,%3Csvg%20xmlns%3D%22http%3A%2F%2Fwww.w3.org%2F2000%2Fsvg%22%20width%3D%22150%22%20height%3D%22150%22%20viewBox%3D%220%200%20150%20150%22%3E%3C%2Fsvg%3E\" loading=\"eager\"><\/span><span class=\"fg-image-overlay\"><\/span><\/a><figcaption class=\"fg-caption\"><div class=\"fg-caption-inner\"><div class=\"fg-caption-title\">Th\u00fcringer Sauerbraten an Rotkohl mit Kl\u00f6\u00dfen<\/div><\/div><\/figcaption><\/figure><div class=\"fg-loader\"><\/div><\/div><div class=\"fg-item fg-type-image fg-idle\"><figure class=\"fg-item-inner\"><a href=\"https:\/\/eisenberger-hausmannskost.de\/wp-content\/uploads\/2018\/12\/20181204_111355-1.jpg\" data-caption-title=\"Schnitzel an Salzkartoffeln mit Gem\u00fcsevariation\" data-attachment-id=\"283\" data-type=\"image\" class=\"fg-thumb\"><span class=\"fg-image-wrap\"><img decoding=\"async\" title=\"Schnitzel an Salzkartoffeln mit Gem\u00fcsevariation\" width=\"150\" height=\"150\" class=\"skip-lazy fg-image\" data-src-fg=\"https:\/\/eisenberger-hausmannskost.de\/wp-content\/uploads\/cache\/2018\/12\/20181204_111355-1\/923435770.jpg\" src=\"data:image\/svg+xml,%3Csvg%20xmlns%3D%22http%3A%2F%2Fwww.w3.org%2F2000%2Fsvg%22%20width%3D%22150%22%20height%3D%22150%22%20viewBox%3D%220%200%20150%20150%22%3E%3C%2Fsvg%3E\" loading=\"eager\"><\/span><span class=\"fg-image-overlay\"><\/span><\/a><figcaption class=\"fg-caption\"><div class=\"fg-caption-inner\"><div class=\"fg-caption-title\">Schnitzel an Salzkartoffeln mit Gem\u00fcsevariation<\/div><\/div><\/figcaption><\/figure><div class=\"fg-loader\"><\/div><\/div><div class=\"fg-item fg-type-image fg-idle\"><figure class=\"fg-item-inner\"><a href=\"https:\/\/eisenberger-hausmannskost.de\/wp-content\/uploads\/2018\/12\/20181204_114335-e1544452079322.jpg\" data-caption-title=\"Kassler an Salzkartoffeln und Gr\u00fcnkohl\" data-attachment-id=\"285\" data-type=\"image\" class=\"fg-thumb\"><span class=\"fg-image-wrap\"><img decoding=\"async\" title=\"Kassler an Salzkartoffeln und Gr\u00fcnkohl\" width=\"150\" height=\"150\" class=\"skip-lazy fg-image\" data-src-fg=\"https:\/\/eisenberger-hausmannskost.de\/wp-content\/uploads\/cache\/2018\/12\/20181204_114335-e1544452079322\/3709595133.jpg\" src=\"data:image\/svg+xml,%3Csvg%20xmlns%3D%22http%3A%2F%2Fwww.w3.org%2F2000%2Fsvg%22%20width%3D%22150%22%20height%3D%22150%22%20viewBox%3D%220%200%20150%20150%22%3E%3C%2Fsvg%3E\" loading=\"eager\"><\/span><span class=\"fg-image-overlay\"><\/span><\/a><figcaption class=\"fg-caption\"><div class=\"fg-caption-inner\"><div class=\"fg-caption-title\">Kassler an Salzkartoffeln und Gr\u00fcnkohl<\/div><\/div><\/figcaption><\/figure><div class=\"fg-loader\"><\/div><\/div><div class=\"fg-item fg-type-image fg-idle\"><figure class=\"fg-item-inner\"><a href=\"https:\/\/eisenberger-hausmannskost.de\/wp-content\/uploads\/2018\/12\/20181204_114201.jpg\" data-caption-title=\"Eisenberger Rostbr\u00e4tel an Bratkartoffeln und Salatvariation\" data-attachment-id=\"284\" data-type=\"image\" class=\"fg-thumb\"><span class=\"fg-image-wrap\"><img decoding=\"async\" title=\"Eisenberger Rostbr\u00e4tel an Bratkartoffeln und Salatvariation\" width=\"150\" height=\"150\" class=\"skip-lazy fg-image\" data-src-fg=\"https:\/\/eisenberger-hausmannskost.de\/wp-content\/uploads\/cache\/2018\/12\/20181204_114201\/28407274.jpg\" src=\"data:image\/svg+xml,%3Csvg%20xmlns%3D%22http%3A%2F%2Fwww.w3.org%2F2000%2Fsvg%22%20width%3D%22150%22%20height%3D%22150%22%20viewBox%3D%220%200%20150%20150%22%3E%3C%2Fsvg%3E\" loading=\"eager\"><\/span><span class=\"fg-image-overlay\"><\/span><\/a><figcaption class=\"fg-caption\"><div class=\"fg-caption-inner\"><div class=\"fg-caption-title\">Eisenberger Rostbr\u00e4tel an Bratkartoffeln und Salatvariation<\/div><\/div><\/figcaption><\/figure><div class=\"fg-loader\"><\/div><\/div><div class=\"fg-item fg-type-image fg-idle\"><figure class=\"fg-item-inner\"><a href=\"https:\/\/eisenberger-hausmannskost.de\/wp-content\/uploads\/2018\/12\/20181121_114538.jpg\" data-caption-title=\"Pfeffersteak mit Camenbert an Pommes und Salatvariation\" data-attachment-id=\"278\" data-type=\"image\" class=\"fg-thumb\"><span class=\"fg-image-wrap\"><img decoding=\"async\" title=\"Pfeffersteak mit Camenbert an Pommes und Salatvariation\" width=\"150\" height=\"150\" class=\"skip-lazy fg-image\" data-src-fg=\"https:\/\/eisenberger-hausmannskost.de\/wp-content\/uploads\/cache\/2018\/12\/20181121_114538\/113269788.jpg\" src=\"data:image\/svg+xml,%3Csvg%20xmlns%3D%22http%3A%2F%2Fwww.w3.org%2F2000%2Fsvg%22%20width%3D%22150%22%20height%3D%22150%22%20viewBox%3D%220%200%20150%20150%22%3E%3C%2Fsvg%3E\" loading=\"eager\"><\/span><span class=\"fg-image-overlay\"><\/span><\/a><figcaption class=\"fg-caption\"><div class=\"fg-caption-inner\"><div class=\"fg-caption-title\">Pfeffersteak mit Camenbert an Pommes und Salatvariation<\/div><\/div><\/figcaption><\/figure><div class=\"fg-loader\"><\/div><\/div><div class=\"fg-item fg-type-image fg-idle\"><figure class=\"fg-item-inner\"><a href=\"https:\/\/eisenberger-hausmannskost.de\/wp-content\/uploads\/2018\/12\/20181204_120018-1.jpg\" data-caption-title=\"Bauernpfanne an Salatvariation\" data-attachment-id=\"286\" data-type=\"image\" class=\"fg-thumb\"><span class=\"fg-image-wrap\"><img decoding=\"async\" title=\"Bauernpfanne an Salatvariation\" width=\"150\" height=\"150\" class=\"skip-lazy fg-image\" data-src-fg=\"https:\/\/eisenberger-hausmannskost.de\/wp-content\/uploads\/cache\/2018\/12\/20181204_120018-1\/635438225.jpg\" src=\"data:image\/svg+xml,%3Csvg%20xmlns%3D%22http%3A%2F%2Fwww.w3.org%2F2000%2Fsvg%22%20width%3D%22150%22%20height%3D%22150%22%20viewBox%3D%220%200%20150%20150%22%3E%3C%2Fsvg%3E\" loading=\"eager\"><\/span><span class=\"fg-image-overlay\"><\/span><\/a><figcaption class=\"fg-caption\"><div class=\"fg-caption-inner\"><div class=\"fg-caption-title\">Bauernpfanne an Salatvariation<\/div><\/div><\/figcaption><\/figure><div class=\"fg-loader\"><\/div><\/div><div class=\"fg-item fg-type-image fg-idle\"><figure class=\"fg-item-inner\"><a href=\"https:\/\/eisenberger-hausmannskost.de\/wp-content\/uploads\/2018\/11\/20181017_131532.jpg\" data-caption-title=\"gebackener Fetak\u00e4se an Salatvariation\" data-attachment-id=\"106\" data-type=\"image\" class=\"fg-thumb\"><span class=\"fg-image-wrap\"><img decoding=\"async\" title=\"gebackener Fetak\u00e4se an Salatvariation\" width=\"150\" height=\"150\" class=\"skip-lazy fg-image\" data-src-fg=\"https:\/\/eisenberger-hausmannskost.de\/wp-content\/uploads\/cache\/2018\/11\/20181017_131532\/3878993642.jpg\" src=\"data:image\/svg+xml,%3Csvg%20xmlns%3D%22http%3A%2F%2Fwww.w3.org%2F2000%2Fsvg%22%20width%3D%22150%22%20height%3D%22150%22%20viewBox%3D%220%200%20150%20150%22%3E%3C%2Fsvg%3E\" loading=\"eager\"><\/span><span class=\"fg-image-overlay\"><\/span><\/a><figcaption class=\"fg-caption\"><div class=\"fg-caption-inner\"><div class=\"fg-caption-title\">gebackener Fetak\u00e4se an Salatvariation<\/div><\/div><\/figcaption><\/figure><div class=\"fg-loader\"><\/div><\/div><div class=\"fg-item fg-type-image fg-idle\"><figure class=\"fg-item-inner\"><a href=\"https:\/\/eisenberger-hausmannskost.de\/wp-content\/uploads\/2018\/11\/20181113_131559.jpg\" data-caption-title=\"Spaghetti an Basilikum Pesto\" data-attachment-id=\"102\" data-type=\"image\" class=\"fg-thumb\"><span class=\"fg-image-wrap\"><img decoding=\"async\" title=\"Spaghetti an Basilikum Pesto\" width=\"150\" height=\"150\" class=\"skip-lazy fg-image\" data-src-fg=\"https:\/\/eisenberger-hausmannskost.de\/wp-content\/uploads\/cache\/2018\/11\/20181113_131559\/3264611129.jpg\" src=\"data:image\/svg+xml,%3Csvg%20xmlns%3D%22http%3A%2F%2Fwww.w3.org%2F2000%2Fsvg%22%20width%3D%22150%22%20height%3D%22150%22%20viewBox%3D%220%200%20150%20150%22%3E%3C%2Fsvg%3E\" loading=\"eager\"><\/span><span class=\"fg-image-overlay\"><\/span><\/a><figcaption class=\"fg-caption\"><div class=\"fg-caption-inner\"><div class=\"fg-caption-title\">Spaghetti an Basilikum Pesto<\/div><\/div><\/figcaption><\/figure><div class=\"fg-loader\"><\/div><\/div><div class=\"fg-item fg-type-image fg-idle\"><figure class=\"fg-item-inner\"><a href=\"https:\/\/eisenberger-hausmannskost.de\/wp-content\/uploads\/2018\/11\/20181017_130809.jpg\" data-caption-title=\"Rote Beete Schaumsuppe\" data-attachment-id=\"100\" data-type=\"image\" class=\"fg-thumb\"><span class=\"fg-image-wrap\"><img decoding=\"async\" title=\"Rote Beete Schaumsuppe\" width=\"150\" height=\"150\" class=\"skip-lazy fg-image\" data-src-fg=\"https:\/\/eisenberger-hausmannskost.de\/wp-content\/uploads\/cache\/2018\/11\/20181017_130809\/1595343889.jpg\" src=\"data:image\/svg+xml,%3Csvg%20xmlns%3D%22http%3A%2F%2Fwww.w3.org%2F2000%2Fsvg%22%20width%3D%22150%22%20height%3D%22150%22%20viewBox%3D%220%200%20150%20150%22%3E%3C%2Fsvg%3E\" loading=\"eager\"><\/span><span class=\"fg-image-overlay\"><\/span><\/a><figcaption class=\"fg-caption\"><div class=\"fg-caption-inner\"><div class=\"fg-caption-title\">Rote Beete Schaumsuppe<\/div><\/div><\/figcaption><\/figure><div class=\"fg-loader\"><\/div><\/div><div class=\"fg-item fg-type-image fg-idle\"><figure class=\"fg-item-inner\"><a href=\"https:\/\/eisenberger-hausmannskost.de\/wp-content\/uploads\/2018\/11\/20181121_124013.jpg\" data-caption-title=\"Th\u00fcringer Kartoffelsuppe mit W\u00fcrstchen\" data-attachment-id=\"159\" data-type=\"image\" class=\"fg-thumb\"><span class=\"fg-image-wrap\"><img decoding=\"async\" title=\"Th\u00fcringer Kartoffelsuppe mit W\u00fcrstchen\" width=\"150\" height=\"150\" class=\"skip-lazy fg-image\" data-src-fg=\"https:\/\/eisenberger-hausmannskost.de\/wp-content\/uploads\/cache\/2018\/11\/20181121_124013\/3777220977.jpg\" src=\"data:image\/svg+xml,%3Csvg%20xmlns%3D%22http%3A%2F%2Fwww.w3.org%2F2000%2Fsvg%22%20width%3D%22150%22%20height%3D%22150%22%20viewBox%3D%220%200%20150%20150%22%3E%3C%2Fsvg%3E\" loading=\"eager\"><\/span><span class=\"fg-image-overlay\"><\/span><\/a><figcaption class=\"fg-caption\"><div class=\"fg-caption-inner\"><div class=\"fg-caption-title\">Th\u00fcringer Kartoffelsuppe mit W\u00fcrstchen<\/div><\/div><\/figcaption><\/figure><div class=\"fg-loader\"><\/div><\/div><div class=\"fg-item fg-type-image fg-idle\"><figure class=\"fg-item-inner\"><a href=\"https:\/\/eisenberger-hausmannskost.de\/wp-content\/uploads\/2018\/11\/20181121_120250.jpg\" data-caption-title=\"Quarkkeulchen mit Rosinen und Apfelmus\" data-attachment-id=\"160\" data-type=\"image\" class=\"fg-thumb\"><span class=\"fg-image-wrap\"><img decoding=\"async\" title=\"Quarkkeulchen mit Rosinen und Apfelmus\" width=\"150\" height=\"150\" class=\"skip-lazy fg-image\" data-src-fg=\"https:\/\/eisenberger-hausmannskost.de\/wp-content\/uploads\/cache\/2018\/11\/20181121_120250\/425197832.jpg\" src=\"data:image\/svg+xml,%3Csvg%20xmlns%3D%22http%3A%2F%2Fwww.w3.org%2F2000%2Fsvg%22%20width%3D%22150%22%20height%3D%22150%22%20viewBox%3D%220%200%20150%20150%22%3E%3C%2Fsvg%3E\" loading=\"eager\"><\/span><span class=\"fg-image-overlay\"><\/span><\/a><figcaption class=\"fg-caption\"><div class=\"fg-caption-inner\"><div class=\"fg-caption-title\">Quarkkeulchen mit Rosinen und Apfelmus<\/div><\/div><\/figcaption><\/figure><div class=\"fg-loader\"><\/div><\/div><div class=\"fg-item fg-type-image fg-idle\"><figure class=\"fg-item-inner\"><a href=\"https:\/\/eisenberger-hausmannskost.de\/wp-content\/uploads\/2018\/11\/20181113_1317000.jpg\" data-caption-title=\"Eierkuchen mit Apfelspalten\" data-attachment-id=\"101\" data-type=\"image\" class=\"fg-thumb\"><span class=\"fg-image-wrap\"><img decoding=\"async\" title=\"Eierkuchen mit Apfelspalten\" width=\"150\" height=\"150\" class=\"skip-lazy fg-image\" data-src-fg=\"https:\/\/eisenberger-hausmannskost.de\/wp-content\/uploads\/cache\/2018\/11\/20181113_1317000\/2602416488.jpg\" src=\"data:image\/svg+xml,%3Csvg%20xmlns%3D%22http%3A%2F%2Fwww.w3.org%2F2000%2Fsvg%22%20width%3D%22150%22%20height%3D%22150%22%20viewBox%3D%220%200%20150%20150%22%3E%3C%2Fsvg%3E\" loading=\"eager\"><\/span><span class=\"fg-image-overlay\"><\/span><\/a><figcaption class=\"fg-caption\"><div class=\"fg-caption-inner\"><div class=\"fg-caption-title\">Eierkuchen mit Apfelspalten<\/div><\/div><\/figcaption><\/figure><div class=\"fg-loader\"><\/div><\/div><div class=\"fg-item fg-type-image fg-idle\"><figure class=\"fg-item-inner\"><a href=\"https:\/\/eisenberger-hausmannskost.de\/wp-content\/uploads\/2018\/11\/20181116_122820-1.jpg\" data-caption-title=\"Apfel- Birnengr\u00fctze auf Vanillepudding\" data-attachment-id=\"107\" data-type=\"image\" class=\"fg-thumb\"><span class=\"fg-image-wrap\"><img decoding=\"async\" title=\"Apfel- Birnengr\u00fctze auf Vanillepudding\" width=\"150\" height=\"150\" class=\"skip-lazy fg-image\" data-src-fg=\"https:\/\/eisenberger-hausmannskost.de\/wp-content\/uploads\/cache\/2018\/11\/20181116_122820-1\/270064617.jpg\" src=\"data:image\/svg+xml,%3Csvg%20xmlns%3D%22http%3A%2F%2Fwww.w3.org%2F2000%2Fsvg%22%20width%3D%22150%22%20height%3D%22150%22%20viewBox%3D%220%200%20150%20150%22%3E%3C%2Fsvg%3E\" loading=\"eager\"><\/span><span class=\"fg-image-overlay\"><\/span><\/a><figcaption class=\"fg-caption\"><div class=\"fg-caption-inner\"><div class=\"fg-caption-title\">Apfel- Birnengr\u00fctze auf Vanillepudding<\/div><\/div><\/figcaption><\/figure><div class=\"fg-loader\"><\/div><\/div><div class=\"fg-item fg-type-image fg-idle\"><figure class=\"fg-item-inner\"><a href=\"https:\/\/eisenberger-hausmannskost.de\/wp-content\/uploads\/2018\/11\/20181116_122841-1.jpg\" data-caption-title=\"Schokoladenmouse auf Quarkcreme\" data-attachment-id=\"108\" data-type=\"image\" class=\"fg-thumb\"><span class=\"fg-image-wrap\"><img decoding=\"async\" title=\"Schokoladenmouse auf Quarkcreme\" width=\"150\" height=\"150\" class=\"skip-lazy fg-image\" data-src-fg=\"https:\/\/eisenberger-hausmannskost.de\/wp-content\/uploads\/cache\/2018\/11\/20181116_122841-1\/1324518860.jpg\" src=\"data:image\/svg+xml,%3Csvg%20xmlns%3D%22http%3A%2F%2Fwww.w3.org%2F2000%2Fsvg%22%20width%3D%22150%22%20height%3D%22150%22%20viewBox%3D%220%200%20150%20150%22%3E%3C%2Fsvg%3E\" loading=\"eager\"><\/span><span class=\"fg-image-overlay\"><\/span><\/a><figcaption class=\"fg-caption\"><div class=\"fg-caption-inner\"><div class=\"fg-caption-title\">Schokoladenmouse auf Quarkcreme<\/div><\/div><\/figcaption><\/figure><div class=\"fg-loader\"><\/div><\/div><div class=\"fg-item fg-type-image fg-idle\"><figure class=\"fg-item-inner\"><a href=\"https:\/\/eisenberger-hausmannskost.de\/wp-content\/uploads\/2018\/11\/20181120_115112.jpg\" data-caption-title=\"Muffin mit Schokoladencrem\u00e9\" data-attachment-id=\"161\" data-type=\"image\" class=\"fg-thumb\"><span class=\"fg-image-wrap\"><img decoding=\"async\" title=\"Muffin mit Schokoladencrem\u00e9\" width=\"150\" height=\"150\" class=\"skip-lazy fg-image\" data-src-fg=\"https:\/\/eisenberger-hausmannskost.de\/wp-content\/uploads\/cache\/2018\/11\/20181120_115112\/3362952731.jpg\" src=\"data:image\/svg+xml,%3Csvg%20xmlns%3D%22http%3A%2F%2Fwww.w3.org%2F2000%2Fsvg%22%20width%3D%22150%22%20height%3D%22150%22%20viewBox%3D%220%200%20150%20150%22%3E%3C%2Fsvg%3E\" loading=\"eager\"><\/span><span class=\"fg-image-overlay\"><\/span><\/a><figcaption class=\"fg-caption\"><div class=\"fg-caption-inner\"><div class=\"fg-caption-title\">Muffin mit Schokoladencrem\u00e9<\/div><\/div><\/figcaption><\/figure><div class=\"fg-loader\"><\/div><\/div><\/div>\r\n<p style=\"text-align: center;\"><a href=\"https:\/\/eisenberger-hausmannskost.de\/?page_id=77\">Zur\u00fcck zur Galerie<\/a><\/p>","protected":false},"excerpt":{"rendered":"<p>Zur\u00fcck zur Galerie<\/p>\n","protected":false},"author":1,"featured_media":0,"parent":77,"menu_order":0,"comment_status":"closed","ping_status":"closed","template":"","meta":{"footnotes":""},"_links":{"self":[{"href":"https:\/\/eisenberger-hausmannskost.de\/index.php?rest_route=\/wp\/v2\/pages\/180"}],"collection":[{"href":"https:\/\/eisenberger-hausmannskost.de\/index.php?rest_route=\/wp\/v2\/pages"}],"about":[{"href":"https:\/\/eisenberger-hausmannskost.de\/index.php?rest_route=\/wp\/v2\/types\/page"}],"author":[{"embeddable":true,"href":"https:\/\/eisenberger-hausmannskost.de\/index.php?rest_route=\/wp\/v2\/users\/1"}],"replies":[{"embeddable":true,"href":"https:\/\/eisenberger-hausmannskost.de\/index.php?rest_route=%2Fwp%2Fv2%2Fcomments&post=180"}],"version-history":[{"count":4,"href":"https:\/\/eisenberger-hausmannskost.de\/index.php?rest_route=\/wp\/v2\/pages\/180\/revisions"}],"predecessor-version":[{"id":288,"href":"https:\/\/eisenberger-hausmannskost.de\/index.php?rest_route=\/wp\/v2\/pages\/180\/revisions\/288"}],"up":[{"embeddable":true,"href":"https:\/\/eisenberger-hausmannskost.de\/index.php?rest_route=\/wp\/v2\/pages\/77"}],"wp:attachment":[{"href":"https:\/\/eisenberger-hausmannskost.de\/index.php?rest_route=%2Fwp%2Fv2%2Fmedia&parent=180"}],"curies":[{"name":"wp","href":"https:\/\/api.w.org\/{rel}","templated":true}]}}